z be 1988/6 + (-28)/21. Suppose 4*c - z = -2*c. What is the tens digit of c?
5
Let v(m) = m**3 + 2*m**2 + 6*m. Let c be v(-4). Let g = c + 94. What is the tens digit of g?
3
Suppose 1 + 14 = 5*p. Suppose 2*x = -p*x, v - 136 = -3*x. What is the tens digit of v?
3
Let n = -147 + 502. What is the units digit of n?
5
Let q(d) = -d**3 - 18*d**2 + 19*d + 4. Let x be q(-19). Suppose 5 = x*s - 103. What is the tens digit of s?
2
Let a(m) = -m**2 + 7*m - 2. Let x be a(6). Suppose x*n + 2*p - 326 = 0, -n + 3*p + 83 = -16. What is the tens digit of n?
8
Suppose -36 - 9 = -3*h - 3*y, 0 = h + 2*y - 15. Let l = h + -11. Suppose -l*p = -3*o - 48, -6*o + 4*o = -3*p + 35. What is the units digit of p?
9
Suppose -1 = 4*j + 3, 0 = 3*v + 2*j - 412. Suppose -4*b - v = -342. What is the tens digit of b?
5
Let j be (-4)/(-3) + 4/(-3). Let s be (-10 + 21)/(1 + j). Suppose 1 = 2*u - s. What is the units digit of u?
6
What is the thousands digit of (-13701)/(-10) + 31/(-310)?
1
Suppose -3*o + 1 = -2*m - 9, 17 = 5*m + 3*o. What is the units digit of 11 - (m/6 - (-5)/(-30))?
1
Let p = 21 - 17. Suppose -b + 3 = 7, 0 = -p*f - b + 524. What is the tens digit of f?
3
Let s = 1 + 6. Suppose -4*v - s + 259 = 0. Let z = -26 + v. What is the units digit of z?
7
Let z(u) = -14*u + 119. What is the units digit of z(-11)?
3
Let d = 9 + -4. Suppose 0 = d*x - 10*x + 230. Suppose 5*n + w - 73 = -w, w = 3*n - x. What is the tens digit of n?
1
Let q(o) = -2*o**2 + 4 + 6 - 3 - 3 + 3*o. Let d be q(-4). Let j = -24 - d. What is the units digit of j?
6
Let z(q) = 34*q - 85. What is the hundreds digit of z(11)?
2
What is the tens digit of 42 - 1 - (-32 + 27)?
4
Suppose 0 = -6*y - y - 798. Let x = -63 - y. What is the tens digit of x?
5
Let l(g) be the third derivative of -g**6/120 - 7*g**5/60 - 2*g**4/3 - g**3/2 + 27*g**2. What is the tens digit of l(-8)?
8
Suppose 0 = 5*l + 5 - 15. Suppose 0 = -4*g + l*x + 424, -2*x = -4*x. What is the tens digit of g?
0
Let i = -898 + 1520. What is the hundreds digit of i?
6
Let g be -2 + (6 - 2 - -91). Suppose -3*b + g = -60. What is the units digit of b?
1
What is the tens digit of 188 - (5 - 4)*1?
8
Let n be (-6)/8 + 18129/12. Suppose -m = 9*m - n. What is the hundreds digit of m?
1
Let x be (36/(-54))/((-4)/30). Suppose -28*l = -33*l + x. What is the units digit of l?
1
Let p(q) = 254*q + 30. What is the units digit of p(5)?
0
Suppose -10149 = -13*k + 849. What is the hundreds digit of k?
8
Let n(q) = q**2 + 4*q + 19. Let y(b) = -b**2 - 4*b - 18. Let o(l) = -5*n(l) - 6*y(l). What is the units digit of o(-11)?
0
Let f(d) = -d**2 + 8*d + 2. Let o(s) = 6*s**3 - s**2 + 3*s - 2. Let p be o(1). What is the tens digit of f(p)?
1
Let j = 795 + -375. Suppose 4*z + j = -3*z. What is the tens digit of 2/((1 + -3)/z)?
6
Let r = -20 - -18. Let u(j) = -5*j**2 - j + 2. Let o be u(r). What is the units digit of o/(-5) - 2/10?
3
Suppose 2*n - 3*h - 36 = 0, 0*n + 5*h + 85 = 5*n. Suppose -6 = -3*z + n. Suppose -46 = z*p - 445. What is the units digit of p?
7
Let p = -6 - -6. Let l = 8 + -2. Suppose l*i - 7*i + 24 = p. What is the tens digit of i?
2
Let o = 1928 - 180. What is the units digit of o?
8
What is the units digit of (-93*(-2)/12)/(2/4)?
1
Let f(r) = 8*r - 6. Let j be -8 + 9 - (-1 - 3). Let l be f(j). Let p = l - 11. What is the tens digit of p?
2
Suppose 0 = 4*l - s - 1004, -5*l - 3*s = -259 - 996. What is the hundreds digit of l?
2
Let g be ((-224)/120)/14 - 43/15. What is the hundreds digit of (g/(-2))/(5/(-1890)*-3)?
1
Let a(m) = 12*m**2 - 7*m - 11. What is the tens digit of a(4)?
5
Suppose -t + 5 = -0*t. What is the hundreds digit of 18*-2*t/((-30)/28)?
1
Suppose 15*v + 268 = 1858. Let q = v - -151. What is the hundreds digit of q?
2
Let o be (0 + 0)/(-1 - 0). Suppose o = -l + 5 - 0. Suppose 5*s + p - 82 = -3*p, -2*p = -l*s + 94. What is the tens digit of s?
1
Let j(x) be the second derivative of x**5/20 - x**4/4 - 5*x**3/6 + 3*x**2 + 17*x. What is the tens digit of j(5)?
3
Let v(f) = -428*f + 22. What is the units digit of v(-4)?
4
Let v(g) = 0 + 4*g - 18*g - 5 - 8. What is the tens digit of v(-4)?
4
Suppose 11*y - 2860 = -9*y. Suppose 142*v - y*v = -99. What is the tens digit of v?
9
Suppose 127 = j - v, -5*j + 0*v - 2*v + 621 = 0. Suppose -h + j = 28. What is the tens digit of h?
9
Let a(n) = -n + 8. Let y be (-9)/(-15) + (-51)/(-15). Let z = y + -4. What is the units digit of a(z)?
8
Let s(j) = -j**3 + 3*j**2 - 1. Let z be s(2). Suppose z*l = 107 + 73. Suppose 2*n + 4*m - 26 - 4 = 0, l = 4*n - m. What is the tens digit of n?
1
Suppose 70 + 56 = 7*n. What is the tens digit of (-6)/4*((-546)/n - -5)?
3
Suppose 3*m + 2805 = 18*m. Suppose -5*l + 325 = 5*d, 3*l - 5*d - m = -0*d. What is the tens digit of l?
6
Suppose 8 = -2*t - 0*x + 3*x, -2*x = 4. Suppose -2*o + 7*o = -5. Let p = o - t. What is the units digit of p?
6
Suppose -154*x = -146*x - 5168. What is the tens digit of x?
4
Suppose 3*y + 7 = 2*n - 36, 5*n - 45 = -5*y. Let m = 1 + -1. Suppose -8*h + 9*h - n = m. What is the tens digit of h?
1
What is the thousands digit of (68 + -65)*(0 - -334)?
1
Let l = -25 + 30. Suppose l*w - 36 = -11. What is the units digit of w?
5
Let x(c) = -5*c**3 - 10*c**2 - 11*c + 12. What is the hundreds digit of x(-6)?
7
Let n(p) = p**3 + p**2 - 3*p - 1. Let m be n(-2). Let u be -3 + (2 - m) + -4. What is the units digit of u/(-3) - -1 - -7?
0
Let q(c) = 3*c**2 - 5*c - 6. What is the units digit of q(11)?
2
Let g(b) = -26*b + 7. Let t = 17 + -22. Let l be g(t). Suppose -4*n + l = 1. What is the units digit of n?
4
What is the thousands digit of (8*15/32)/(3/3348)?
4
Suppose -2*f + 5*u + 65 = 0, 4*f - 3*u = -35 + 172. Suppose -3*r - f = -146. What is the tens digit of r?
3
Let m be 9*(-2)/(-6) + (2 - -470). Let j = m + -281. What is the units digit of j?
4
Let f be (-6)/90*-10*(4 - 1). Suppose -5*g + 966 = n - f*n, 8 = 2*n. What is the units digit of g?
4
Let u(d) = -d**3 + 5*d**2 + 10*d - 4. Let h be (1/4)/(4/80). Let b = h - 0. What is the units digit of u(b)?
6
Let u = 3447 - 1988. What is the hundreds digit of u?
4
Let o = -70 - -204. What is the units digit of o?
4
Suppose -12*s = -10*s. Suppose s = -5*r + 5*i - 245, 0*r + r + 4*i = -59. Let w = r - -100. What is the units digit of w?
9
Let p(c) = -31*c + 1. Let l be p(1). Let f be 140/6 - 22/(-33). What is the units digit of (-16 + 0)*l/f?
0
Let w(y) = y**3 + 4*y**2 - 13*y - 6. Let g be w(-6). Suppose 4*i + 2*i - 1626 = g. What is the tens digit of i?
7
Suppose -5*k = -3 - 7. Suppose -k*g = -0*g + 8. Let b = g - -18. What is the tens digit of b?
1
Let m(x) = x**2 - 4*x - 8. Suppose 4*a - 40 = -5*z - 6, -3*z = 5*a - 23. Let w(u) = -u**3 + 7*u**2 - 5*u. Let h be w(z). What is the units digit of m(h)?
4
Suppose 0 = -4*z - 5*s - 10, 0 = -4*s - 8. Suppose z = -w - w - 8, -2*j + 4*w = -536. What is the units digit of j?
0
Suppose 3 = d - 7. Suppose 5*u - 45 = d. Suppose -12*r = -u*r - 30. What is the tens digit of r?
3
Let q(o) = -12 + 3*o + 0 + 29. Let b be q(-5). Suppose -4*l = 3*t - 120, 2*l + b*l + 2*t - 120 = 0. What is the units digit of l?
0
Suppose a - 12*a = -66. Suppose -5*s = -4*f - 824, -2*s - a*f + 348 = -3*f. What is the hundreds digit of s?
1
Let g(a) = 2*a + 78. Let m be g(0). Let x = -32 + m. Let u = x + -16. What is the tens digit of u?
3
Suppose 14 = 4*y + 3*k, -6*y + 3*y = 5*k - 5. Let t be y/(-15) + (-85)/(-3). Suppose -242 = -5*g + t. What is the units digit of g?
4
Suppose 8*w = -14 - 2. Let i(t) = -5*t**3 - t + 4. What is the tens digit of i(w)?
4
Suppose 3*x = 0, 4*g - 6 = -4*x + 6. Suppose -4*l = -g*r - 212, 3*l - 120 = l + 5*r. What is the tens digit of l?
5
Suppose -3*g + 0*g = -561. Suppose 3*h - 98 = g. Let l = h - 66. What is the tens digit of l?
2
Suppose -6*c = -13088 - 7654. What is the thousands digit of c?
3
Let y(v) be the second derivative of 2*v**4/3 - v**3/3 - v**2 + 11*v. What is the units digit of y(-4)?
4
Let m = 170 + -330. What is the units digit of (27/12)/((-15)/m)?
4
Suppose -t - 22 = -82. Let c = -2 + t. What is the units digit of c?
8
Let m be ((-14)/(-4) - 4)*34. What is the tens digit of (m/(-2))/(9/54)?
5
Let s(a) = a - 9. Let z be s(12). Suppose -5*f = -z*f - 12. Let l(v) = v**3 - 6*v**2 + 2*v - 2. What is the tens digit of l(f)?
1
Suppose 16 = 4*u + 8. Suppose u*h =